{"id":1121,"date":"2017-03-24T21:13:11","date_gmt":"2017-03-24T20:13:11","guid":{"rendered":"https:\/\/www.eschkg.ch\/?page_id=1121"},"modified":"2025-07-10T14:29:21","modified_gmt":"2025-07-10T12:29:21","slug":"sanitycheck-plus","status":"publish","type":"page","link":"https:\/\/www.eschkg.ch\/?page_id=1121&lang=fr","title":{"rendered":"SanityCheck (Plus)"},"content":{"rendered":"<h3><\/h3>\n<p>Pour \u00eatre int\u00e9gr\u00e9s au r\u00e9seau e-LP, les cr\u00e9anciers (participants e-LP) doivent soumettre leur solution logicielle \u00e0 un contr\u00f4le de conformit\u00e9.<\/p>\n<p>Lors des mises \u00e0 jour, les cr\u00e9anciers et les offices des poursuites peuvent \u00e9galement effectuer des tests sur cette plateforme.<\/p>\n<h2>SanityCheck<\/h2>\n<p>SanityCheck v\u00e9rifie la conformit\u00e9 des fichiers XML avec la norme e-LP. Une fois le fichier t\u00e9l\u00e9charg\u00e9 via le navigateur, SanityCheck g\u00e9n\u00e8re un rapport de contr\u00f4le.<\/p>\n<h2>SanityCheck PLUS<\/h2>\n<p>SanityCheck Plus simule les actions d&#8217;un office des poursuites. Le service re\u00e7oit les fichiers e-LP via Sedex et g\u00e9n\u00e8re les messages de r\u00e9ponse appropri\u00e9s. L&#8217;utilisateur peut contr\u00f4ler les actions de l&#8217;office des poursuites via le navigateur, par exemple l&#8217;acceptation ou le rejet d&#8217;une demande qu&#8217;il vient de soumettre via Sedex, la notification d&#8217;une opposition et bien plus encore.<\/p>\n<p>Le contr\u00f4le avec SanityCheck Plus est une mesure d&#8217;assurance qualit\u00e9 et une condition pr\u00e9alable obligatoire pour \u00eatre admis dans le r\u00e9seau e-LP. SanityCheck Plus g\u00e9n\u00e8re un rapport de contr\u00f4le \u00e9lectronique qui doit \u00eatre transmis \u00e0 l&#8217;Office f\u00e9d\u00e9ral de la justice (OFJ) avec la d\u00e9claration de disponibilit\u00e9. Vous trouverez la proc\u00e9dure d\u00e9taill\u00e9e pour l&#8217;admission au r\u00e9seau e-LP dans le manuel: <a href=\"https:\/\/www.eschkg.ch\/wp-content\/uploads\/2022\/07\/eLP_2.2.01_Juin_2022_FR.pdf\">e-LP version 2.2.01 \u2013 Projet e-LP<\/a>. Le processus est d\u00e9crit au chapitre 5.<\/p>\n<p>vers <strong><a href=\"http:\/\/www.sanitycheck.ch\" target=\"_blank\" rel=\"noopener noreferrer\">www.sanitycheck.ch<\/a><\/strong><\/p>\n<h3>Crit\u00e8res de test<\/h3>\n\n<table id=\"tablepress-40\" class=\"tablepress tablepress-id-40\">\n<thead>\n<tr class=\"row-1\">\n\t<th class=\"column-1\">s\u00e9quence<\/th><th class=\"column-2\">message<\/th><th class=\"column-3\">crit\u00e8res d'examen<\/th>\n<\/tr>\n<\/thead>\n<tbody class=\"row-hover\">\n<tr class=\"row-2\">\n\t<td class=\"column-1\">CR<\/td><td class=\"column-2\">CR<\/td><td class=\"column-3\">Structurellement valide, le message SC a \u00e9t\u00e9 cr\u00e9\u00e9 et envoy\u00e9 \u00e0 partir des informations et du choix de sc\u00e9nario de l'utilisateur (par exemple, opposition, copoursuivi, etc.)<\/td>\n<\/tr>\n<tr class=\"row-3\">\n\t<td class=\"column-1\">CC<\/td><td class=\"column-2\">CC original<\/td><td class=\"column-3\">Structurellement valide, le message SP a \u00e9t\u00e9 cr\u00e9\u00e9 et envoy\u00e9 \u00e0 partir des informations de l'utilisateur et de la s\u00e9lection de sc\u00e9narios (par exemple, saisie de salaire, acte de d\u00e9faut de biens apr\u00e8s saisie, etc.)<\/td>\n<\/tr>\n<tr class=\"row-4\">\n\t<td class=\"column-1\">CC<\/td><td class=\"column-2\">CC modified<\/td><td class=\"column-3\">Structurellement valide, le message SP a \u00e9t\u00e9 cr\u00e9\u00e9 et envoy\u00e9 \u00e0 partir des informations de l'utilisateur et de la s\u00e9lection de sc\u00e9narios (par exemple, saisie de salaire, acte de d\u00e9faut de biens apr\u00e8s saisie, etc.)<\/td>\n<\/tr>\n<tr class=\"row-5\">\n\t<td class=\"column-1\">CC<\/td><td class=\"column-2\">CC novel<\/td><td class=\"column-3\">Structurellement valide, le message SP a \u00e9t\u00e9 cr\u00e9\u00e9 et envoy\u00e9 \u00e0 partir des informations de l'utilisateur et de la s\u00e9lection de sc\u00e9narios (par exemple, saisie de salaire, acte de d\u00e9faut de biens apr\u00e8s saisie, etc.)<\/td>\n<\/tr>\n<tr class=\"row-6\">\n\t<td class=\"column-1\">RR<\/td><td class=\"column-2\">RR<\/td><td class=\"column-3\">Structurellement valide, le message SA a \u00e9t\u00e9 cr\u00e9\u00e9 et envoy\u00e9.<\/td>\n<\/tr>\n<tr class=\"row-7\">\n\t<td class=\"column-1\">SR<\/td><td class=\"column-2\">SR<\/td><td class=\"column-3\">Structurellement valide, le message SA a \u00e9t\u00e9 cr\u00e9\u00e9 et envoy\u00e9.<\/td>\n<\/tr>\n<tr class=\"row-8\">\n\t<td class=\"column-1\">PN<\/td><td class=\"column-2\">PN<\/td><td class=\"column-3\">Structurellement valide, le message SA a \u00e9t\u00e9 cr\u00e9\u00e9 et envoy\u00e9.<\/td>\n<\/tr>\n<tr class=\"row-9\">\n\t<td class=\"column-1\">DI<\/td><td class=\"column-2\">DI<\/td><td class=\"column-3\">Structurellement valide, le message DR a \u00e9t\u00e9 cr\u00e9\u00e9 et envoy\u00e9.<\/td>\n<\/tr>\n<tr class=\"row-10\">\n\t<td class=\"column-1\">SN<\/td><td class=\"column-2\">SN<\/td><td class=\"column-3\">ENVOYER: Structurellement valide.<\/td>\n<\/tr>\n<tr class=\"row-11\">\n\t<td class=\"column-1\">SN<\/td><td class=\"column-2\">SN<\/td><td class=\"column-3\">RECEPTION: Auto-test sans crit\u00e8res de test.<\/td>\n<\/tr>\n<tr class=\"row-12\">\n\t<td class=\"column-1\">PR<\/td><td class=\"column-2\">PR<\/td><td class=\"column-3\">Auto-test sans crit\u00e8res de test.<\/td>\n<\/tr>\n<tr class=\"row-13\">\n\t<td class=\"column-1\">IN<\/td><td class=\"column-2\">IN<\/td><td class=\"column-3\">Auto-test sans crit\u00e8res de test.<\/td>\n<\/tr>\n<\/tbody>\n<\/table>\n\n","protected":false},"excerpt":{"rendered":"<p>Pour \u00eatre int\u00e9gr\u00e9s au r\u00e9seau e-LP, les cr\u00e9anciers (participants e-LP) doivent soumettre leur solution logicielle \u00e0 un contr\u00f4le de conformit\u00e9. Lors des mises \u00e0 jour, les cr\u00e9anciers et les offices des poursuites peuvent \u00e9galement effectuer des tests sur cette plateforme. SanityCheck SanityCheck v\u00e9rifie la conformit\u00e9 des fichiers XML avec la norme e-LP. Une fois le &hellip; <a href=\"https:\/\/www.eschkg.ch\/?page_id=1121&#038;lang=fr\" class=\"more-link\"><span class=\"screen-reader-text\">\u201eSanityCheck (Plus)\u201c <\/span>weiterlesen<\/a><\/p>\n","protected":false},"author":7,"featured_media":0,"parent":0,"menu_order":0,"comment_status":"closed","ping_status":"closed","template":"","meta":{"inline_featured_image":false,"footnotes":""},"class_list":["post-1121","page","type-page","status-publish","hentry"],"_links":{"self":[{"href":"https:\/\/www.eschkg.ch\/index.php?rest_route=\/wp\/v2\/pages\/1121","targetHints":{"allow":["GET"]}}],"collection":[{"href":"https:\/\/www.eschkg.ch\/index.php?rest_route=\/wp\/v2\/pages"}],"about":[{"href":"https:\/\/www.eschkg.ch\/index.php?rest_route=\/wp\/v2\/types\/page"}],"author":[{"embeddable":true,"href":"https:\/\/www.eschkg.ch\/index.php?rest_route=\/wp\/v2\/users\/7"}],"replies":[{"embeddable":true,"href":"https:\/\/www.eschkg.ch\/index.php?rest_route=%2Fwp%2Fv2%2Fcomments&post=1121"}],"version-history":[{"count":5,"href":"https:\/\/www.eschkg.ch\/index.php?rest_route=\/wp\/v2\/pages\/1121\/revisions"}],"predecessor-version":[{"id":2935,"href":"https:\/\/www.eschkg.ch\/index.php?rest_route=\/wp\/v2\/pages\/1121\/revisions\/2935"}],"wp:attachment":[{"href":"https:\/\/www.eschkg.ch\/index.php?rest_route=%2Fwp%2Fv2%2Fmedia&parent=1121"}],"curies":[{"name":"wp","href":"https:\/\/api.w.org\/{rel}","templated":true}]}}